087238?
True
Is 219309118 a multiple of 203?
False
Does 87 divide 67198365?
True
Is 890 a factor of 207810550?
True
Does 9 divide 77671876?
False
Is 2978 a factor of 991962866?
True
Does 5 divide 5394717?
False
Is 13011136 a multiple of 16?
True
Is 522573868 a multiple of 34?
False
Is 74 a factor of 52790609?
False
Is 6 a factor of 7557282?
True
Is 5 a factor of 6116510?
True
Does 1241 divide 129459879?
True
Does 225 divide 62109675?
True
Is 4108 a factor of 987505688?
True
Is 2290 a factor of 1355659390?
True
Is 382 a factor of 143732848?
True
Is 108690736 a multiple of 22?
True
Does 28 divide 421242323?
False
Is 1168611084 a multiple of 27?
True
Is 69 a factor of 1253315554?
False
Is 107871426 a multiple of 1377?
True
Is 15 a factor of 4129508?
False
Does 189 divide 4051257336?
True
Does 4 divide 22432636?
True
Is 29577431 a multiple of 531?
False
Is 2 a factor of 26199529?
False
Does 91 divide 731378557?
True
Is 345365271 a multiple of 1149?
True
Does 190 divide 91330150?
True
Is 197840518 a multiple of 3554?
True
Is 21 a factor of 3110898?
True
Does 25 divide 281451684?
False
Is 16 a factor of 17078304?
True
Is 167856290 a multiple of 158?
False
Is 523 a factor of 32500266?
True
Is 7 a factor of 20335035?
True
Is 71721182 a multiple of 783?
False
Does 455 divide 23324625?
False
Is 83 a factor of 21140692?
False
Is 56 a factor of 672650664?
True
Does 2837 divide 46044510?
True
Is 82652640 a multiple of 1428?
True
Is 84952297 a multiple of 29?
False
Is 10046309 a multiple of 7?
True
Is 256 a factor of 40122368?
True
Is 733 a factor of 1902365?
False
Is 38700856 a multiple of 459?
False
Is 27 a factor of 634288175?
False
Is 435 a factor of 560280?
True
Is 17 a factor of 1399434900?
True
Is 55 a factor of 4942905?
True
Is 57889425 a multiple of 11?
True
Is 759658 a multiple of 7?
False
Does 10 divide 627464713?
False
Is 189946244 a multiple of 65?
False
Is 290850735 a multiple of 1658?
False
Does 16 divide 58611079?
False
Does 33 divide 732919162?
False
Is 78 a factor of 303328?
False
Does 900 divide 784992455?
False
Is 718 a factor of 132021532?
True
Is 91 a factor of 352662750?
False
Is 189688625 a multiple of 175?
True
Is 361 a factor of 30098953?
False
Does 26 divide 58184758?
False
Does 490 divide 55202193?
False
Is 6 a factor of 44646158?
False
Does 224 divide 314492192?
True
Is 423944412 a multiple of 498?
True
Does 141 divide 4639605?
True
Does 14 divide 232203132?
True
Is 226 a factor of 47764781?
False
Does 118 divide 756245289?
False
Is 109 a factor of 49074198?
True
Does 29 divide 127391177?
False
Is 168 a factor of 22032216?
False
Is 17 a factor of 8587567?
True
Is 61 a factor of 9057097?
True
Is 614209668 a multiple of 1069?
False
Is 2690128 a multiple of 1175?
False
Is 220408285 a multiple of 3474?
False
Is 72822 a multiple of 6?
True
Is 409 a factor of 96935706?
False
Is 15352233 a multiple of 46?
False
Does 1181 divide 50061378?
False
Does 21 divide 3855087391?
False
Does 292 divide 5680568?
True
Is 62824034 a multiple of 161?
False
Is 5998485 a multiple of 7578?
False
Is 111899702 a multiple of 1051?
False
Does 6432 divide 618279551?
False
Is 3020988 a multiple of 6?
True
Does 1059 divide 688830786?
True
Does 28 divide 48237476?
True
Does 20 divide 104609193?
False
Is 270 a factor of 580847621?
False
Does 33 divide 14379915?
True
Is 767607519 a multiple of 659?
False
Is 2501 a factor of 28081164?
False
Is 6647 a factor of 3168106434?
True
Is 140175274 a multiple of 8?
False
Does 1184 divide 44120576?
True
Is 1716744 a multiple of 4?
True
Does 4 divide 79093832?
True
Is 567240855 a multiple of 466?
False
Does 654 divide 1253031565?
False
Does 95 divide 82788225?
True
Does 21 divide 902590096?
False
Does 16 divide 105070432?
True
Is 20 a factor of 415770880?
True
Is 1139833386 a multiple of 14?
False
Is 803081351 a multiple of 1710?
False
Does 5 divide 11484720?
True
Is 133 a factor of 933166703?
True
Does 127 divide 38716747?
False
Is 662 a factor of 25218228?
True
Does 8647 divide 1570909137?
True
Does 3037 divide 1743638884?
True
Does 107 divide 19608318?
False
Is 410359011 a multiple of 7?
False
Does 192 divide 10624704?
True
Does 16 divide 6845264?
True
Is 2992 a factor of 853779168?
True
Does 17 divide 348857?
True
Does 2244 divide 243359556?
True
Is 344946309 a multiple of 841?
False
Is 49913154 a multiple of 246?
True
Does 260 divide 1435563?
False
Is 29562120 a multiple of 9?
True
Is 39 a factor of 137402006?
False
Does 12 divide 664763772?
True
Does 120 divide 6243960?
True
Is 1277 a factor of 1428145720?
True
Does 20 divide 5888791?
False
Is 641 a factor of 1519083020?
False
Is 21597721 a multiple of 11?
False
Is 55 a factor of 79919566?
False
Is 18727584 a multiple of 6?
True
Is 2 a factor of 1065130829?
False
Is 280542239 a multiple of 7973?
False
Is 75 a factor of 2985987?
False
Is 124856176 a multiple of 2208?
False
Does 188 divide 526806125?
False
Is 23 a factor of 104120287?
True
Is 258423156 a multiple of 12?
True
Does 48 divide 46986606?
False
Is 79288704 a multiple of 33?
True
Is 22 a factor of 8283811?
False
Is 1669 a factor of 22897011?
True
Is 1636 a factor of 445260411?
False
Is 315 a factor of 12221172?
False
Is 11 a factor of 22125606?
False
Is 171 a factor of 208733373?
True
Does 25 divide 2832881900?
True
Is 18 a factor of 39738623?
False
Is 324 a factor of 73296236?
False
Is 2861568 a multiple of 23?
True
Does 98 divide 1951480272?
True
Is 210510766 a multiple of 437?
True
Is 82552128 a multiple of 8?
True
Is 3469812 a multiple of 6?
True
Does 528 divide 480833232?
True
Is 35 a factor of 1613135860?
True
Does 220 divide 9494320?
True
Does 64 divide 67682368?
True
Is 2003668790 a multiple of 11995?
True
Is 17 a factor of 6620949?
False
Is 105978646 a multiple of 618?
False
Is 382044670 a multiple of 245?
True
Does 53 divide 82043417?
True
Is 13205576 a multiple of 10?
False
Does 587 divide 259168718?
True
Does 302 divide 11174741?
False
Is 8 a factor of 61869926?
False
Is 25 a factor of 16639875?
True
Does 180 divide 42653160?
True
Is 321 a factor of 4619933757?
True
Is 52096764 a multiple of 236?
True
Is 47578391 a multiple of 23?
False
Is 22565270 a multiple of 191?
False
Is 2847 a factor of 3964275331?
False
Does 1809 divide 3399820128?
True
Is 53 a factor of 15559740?
True
Is 926739261 a multiple of 16?
False
Is 2550504 a multiple of 11?
True
Does 9 divide 98791344?
True
Is 290214112 a multiple of 8?
True
Is 4949 a factor of 209485912?
False
Does 563 divide 74213152?
False
Does 462 divide 714968562?
True
Is 25 a factor of 568869481?
False
Is 74114701 a multiple of 943?
False
Does 1187 divide 26659024?
False
Is 19 a factor of 160317934?
True
Is 91767922 a multiple of 657?
False
Is 11246088 a multiple of 219?
True
Is 263546316 a multiple of 44?
True
Does 7 divide 195900644?
False
Is 37240082 a multiple of 22?
True
Is 148917804 a multiple of 254?
False
Does 1198 divide 72177104?
True
Does 12 divide 168512400?
True
Is 3 a factor of 38913679?
False
Does 131 divide 2055652?
True
Is 1011 a factor of 134666211?
True
Is 1269 a factor of 81531449?
False
Is 6574230 a multiple of 130?
True
Does 37 divide 21828903?
False
Does 11 divide 50935742?
True
Is 42517183 a multiple of 11?
False
Is 109305615 a multiple of 1555?
True
Does 31 divide 19006286?
True
Is 937 a factor of 166505837?
True
Is 612029179 a multiple of 12?
False
Is 886 a factor of 8867782?
False
Is 209 a factor of 500368363?
True
Does 121 divide 251770356?
False
Is 13950025 a multiple of 137?
True
Does 80 divide 51470480?
True
Does 67 divide 62015468?
True
Is 1175440200 a multiple of 2845?
True
Does 724 divide 30958118?
False
Is 12 a factor of 640343909?
False
Does 596 divide 37677928?
True
Is 2640 a factor of 52034400?
True
Is 14 a factor of 238861012?
False
Is 3530163840 a multiple of 1099?
True
Does 1311 divide 1069438089?
False
Does 18 divide 144028779?
False
Is 1087444260 a multiple of 63?
True
Does 609 divide 672159999?
True
Does 57 divide 345022950?
False
Is 286 a factor of 639537478?
False
Does 149 divide 87911639?
True
Is 385 a factor of 209262337?
False
Is 29711224 a multiple of 41?
True
Is 269137694 a multiple of 14?
True
Does 4998 divide 85265880?
True
Is 1002 a factor of 7228793?
False
Is 2412 a factor of 284960916?
True
Is 808644